 10) to base 12
3025962
What is -18c4c93 (base 13) in base 8?
-37057445
Convert 511343215 (base 6) to base 13.
1a76641
-21b30 (base 16) to base 8
-415460
Convert 13530728 (base 10) to base 12.
4646348
What is -2856432 (base 11) in base 2?
-10010101111100001011000
What is -100101102011221 (base 3) in base 15?
-687da1
What is 25619 (base 12) in base 16?
c735
What is -2355528 (base 12) in base 9?
-13762085
What is -15321324 (base 6) in base 14?
-100860
What is 2025066 (base 7) in base 11?
155796
Convert -8f181f (base 16) to base 7.
-142465410
-202221000001 (base 3) to base 5
-101140021
What is 35a5 (base 16) in base 15?
4108
Convert -11541015 (base 8) to base 14.
-4a195b
-75a243 (base 11) to base 3
-2021200111221
What is -304002243 (base 5) in base 2?
-100101101011100001010
3331324 (base 8) to base 12
373644
What is -3a71494 (base 12) in base 5?
-10432000330
What is -d8b0 (base 14) in base 10?
-37394
What is -249082 (base 12) in base 7?
-5032235
What is 157153 (base 14) in base 2?
10110110111101000101
Convert -17135c (base 14) to base 15.
-1100a0
What is -3375237 (base 10) in base 16?
-338085
What is 17558f (base 16) in base 13?
417092
Convert 14930 (base 15) to base 8.
201223
Convert 1001101101100000110 (base 2) to base 11.
1a8096
What is -24c42d (base 14) in base 3?
-2101011121012
What is -2088234 (base 9) in base 11?
-6a6580
What is 7685828 (base 9) in base 4?
33300211310
3624666 (base 9) to base 7
22463310
Convert -515407 (base 10) to base 3.
-222012000011
Convert -734a (base 11) to base 3.
-111100112
333120031 (base 4) to base 14
6a869
-456640 (base 8) to base 12
-75880
c292c (base 14) to base 4
1302110330
14370146 (base 8) to base 12
1119b9a
Convert -11135a9 (base 11) to base 2.
-111011100100011100010
1652480 (base 9) to base 16
e0b4a
What is 2087805 (base 10) in base 13?
5813b5
What is -104630021 (base 7) in base 10?
-6343457
Convert -100001000001010 (base 2) to base 10.
-16906
What is -1021010112102 (base 3) in base 9?
-1233472
What is 2312032 (base 4) in base 15?
36c7
Convert b4d63 (base 14) to base 2.
1101010011111011011
-220146122 (base 7) to base 10
-13205222
-23977 (base 10) to base 16
-5da9
-2555260 (base 8) to base 9
-1303702
556072 (base 8) to base 4
231300322
Convert -141240122 (base 5) to base 13.
-1c61c5
Convert -11101101010110001 (base 2) to base 5.
-12342041
What is -17d51b (base 14) in base 13?
-236b7c
-302b1d (base 15) to base 3
-11022012200201
What is -a84564 (base 11) in base 7?
-20510223
Convert -97a583 (base 12) to base 13.
-661851
Convert 2132121312 (base 4) to base 10.
648822
-23103313021 (base 4) to base 3
-12120122010111
Convert -3576511 (base 9) to base 5.
-444042114
What is -389a2 (base 12) in base 14?
-20322
What is 63345441 (base 7) in base 6?
310445030
12234141 (base 5) to base 12
58392
Convert 902a (base 14) to base 13.
b348
Convert -a996c5 (base 14) to base 2.
-10101111011110100001101
Convert -2323350 (base 6) to base 11.
-82198
Convert -1406701 (base 8) to base 3.
-202011012222
-37ab6 (base 13) to base 10
-102901
Convert 10334535 (base 6) to base 16.
4b3fb
-1111322321 (base 4) to base 15
-6e41e
What is -58498 (base 11) in base 9?
-137746
14767c (base 15) to base 12
3b71b3
What is -13332103102 (base 4) in base 11?
-11a8437
What is -122201341 (base 5) in base 14?
-11308c
244356043 (base 7) to base 5
12412441020
-15473 (base 15) to base 6
-1245100
230110123 (base 4) to base 15
38bc1
Convert 2380501 (base 9) to base 10.
1292923
8495277 (base 10) to base 14
11b1d37
-10012021202 (base 4) to base 10
-1073762
Convert 10100101110101 (base 2) to base 15.
3228
-1424344 (base 5) to base 15
-8d34
-1101111010001111 (base 2) to base 4
-31322033
25d116c (base 14) to base 10
18250636
-112313113 (base 4) to base 8
-266727
1fe9b (base 16) to base 3
20122022022
36469 (base 14) to base 9
221781
Convert -5365631 (base 7) to base 2.
-10011111111011111111
Convert 3932189 (base 10) to base 13.
a78a51
-215175 (base 8) to base 6
-1314445
-1201442 (base 5) to base 3
-1010100100
What is 780782 (base 9) in base 7?
3651656
What is 10011111010100101111100 (base 2) in base 9?
10736443
Convert -32252632 (base 7) to base 11.
-1610038
Convert -111200100102 (base 3) to base 8.
-1015707
1352030 (base 7) to base 2
101100001000101110
71a (base 16) to base 6
12230
-7a026a (base 11) to base 8
-4670345
Convert -144145003 (base 6) to base 7.
-34333302
Convert aca1ca (base 15) to base 13.
1924636
78721 (base 12) to base 9
263437
Convert a65df (base 16) to base 9.
1247674
-130160 (base 10) to base 6
-2442332
Convert 530250 (base 6) to base 5.
2332440
5256725 (base 10) to base 4
110003120111
-4401644 (base 7) to base 8
-2033575
What is 11001010011100111100110 (base 2) in base 6?
354104434
What is 2bcd4 (base 15) in base 9?
234711
Convert -331170 (base 9) to base 11.
-1255a0
-3a633 (base 13) to base 9
-175107
74517 (base 8) to base 5
1443210
What is 7147 (base 9) in base 8?
12153
28c19 (base 13) to base 11
52731
106024550 (base 7) to base 13
145a243
What is 738830 (base 10) in base 11?
465104
2105405 (base 7) to base 4
332001011
10642206 (base 8) to base 2
1000110100010010000110
What is -632056 (base 13) in base 16?
-235e52
-3960a7 (base 11) to base 7
-5203254
Convert 44507 (base 9) to base 5.
1421242
1778201 (base 12) to base 8
22511041
What is 8aa3 (base 16) in base 7?
205321
Convert 2053313 (base 7) to base 10.
248489
Convert -1f39 (base 16) to base 2.
-1111100111001
-545723 (base 10) to base 3
-1000201120222
Convert -10a6a6 (base 11) to base 2.
-101010110001100011
36422 (base 14) to base 16
205ae
What is 1226514 (base 7) in base 12?
777a3
-11111110100101010 (base 2) to base 4
-133310222
830053 (base 9) to base 6
14314203
11211200220 (base 3) to base 9
154626
-2c645c (base 14) to base 2
-101111011011000110010
What is 2548 (base 13) in base 8?
12263
What is -132031322 (base 5) in base 16?
-a0ba1
What is 132021333233 (base 4) in base 5?
4010432023
43a0 (base 16) to base 9
25665
Convert -3370a1 (base 15) to base 8.
-11270420
What is 301210210 (base 4) in base 12?
99604
What is 81735 (base 11) in base 3?
20001201011
Convert 1210112002 (base 3) to base 12.
18578
-101000001010010001001 (base 2) to base 16
-141489
What is -100101010010000010 (base 2) in base 3?
-21202110210
What is -b377b (base 13) in base 4?
-1032213333
-4400420013 (base 5) to base 14
-13657b8
-1583d6 (base 15) to base 11
-650717
11010110100111101101 (base 2) to base 10
879085
Convert 919b32 (base 12) to base 5.
1040334043
What is 523204 (base 6) in base 10?
42196
-4036053 (base 7) to base 6
-14141423
What is -b0ba0c (base 13) in base 11?
-2357a78
Convert -443304103 (base 5) to base 3.
-10122010220100
What is -2891b (base 13) in base 7?
-435166
6b4330 (base 14) to base 11
2080727
What is 1188 (base 10) in base 6?
5300
-10121001111020 (base 3) to base 9
-3531436
Convert -1be68 (base 16) to base 4.
-123321220
What is -110952 (base 11) in base 7?
-1334364
502aa (base 15) to base 8
757447
Convert -ef4c (base 16) to base 14.
-1847a
-125f82 (base 16) to base 14
-234b50
b0b065 (base 12) to base 9
5160755
343161 (base 7) to base 4
32323122
31001030 (base 4) to base 7
311315
-26991b (base 12) to base 6
-21410035
Convert -43606 (base 16) to base 11.
-179386
What is -1261624 (base 8) in base 15?
-6e99c
Convert -1043111421 (base 5) to base 12.
-938686
-3acbca5 (base 13) to base 2
-1000110110011110101110011
What is -17133a (base 16) in base 11?
-9431a3
104641 (base 9) to base 15
137ad
What is 11111111010110000 (base 2) in base 9?
218302
-260641 (base 9) to base 3
-22000201101
Convert -412214111 (base 5) to base 10.
-1679281
What is 161107 (base 9) in base 16?
183a0
Convert -140916 (base 10) to base 2.
-100010011001110100
Convert 262b3bb (base 13) to base 5.
11030311301
-100110111111100 (base 2) to base 9
-30342
Convert 335aa (base 15) to base 14.
43713
What is -25775 (base 11) in base 2?
-1001000000000010
3021231 (base 6) to base 2
100010111000010011
389885 (base 11) to base 8
2255711
What is -5857517 (base 11) in base 15?
-d70dc3
What is -42b41 (base 12) in base 11?
-60160
Convert -406153 (base 7) to base 12.
-34191
Convert -1330033112 (base 4) to base 16.
-7c3d6
130237 (base 15) to base 16
de988
-375518 (base 9) to base 12
-ab545
Convert -10010111010110 (base 2) to base 8.
-22726
Convert -3c02a (b